{"id":142,"date":"2023-12-17T15:03:52","date_gmt":"2023-12-17T14:03:52","guid":{"rendered":"https:\/\/www.belopolie.fr\/?page_id=142"},"modified":"2023-12-18T10:24:19","modified_gmt":"2023-12-18T09:24:19","slug":"la-nuit-5","status":"publish","type":"page","link":"https:\/\/www.belopolie.fr\/index.php\/la-nuit-5\/","title":{"rendered":"La nuit. #5"},"content":{"rendered":"\n<p class=\"has-large-font-size\"><strong>#5. Fraternit\u00e9<\/strong><\/p>\n\n\n\n<p class=\"has-medium-font-size\"><strong>Entretien avec Samuel Hayat, chercheur en science politique<\/strong><br>\u00ab\u00a0La fraternit\u00e9, en R\u00e9publique, comme la libert\u00e9 et l\u2019\u00e9galit\u00e9, n\u2019est accept\u00e9e par les dominants et par l\u2019appareil d\u2019\u00c9tat que de mani\u00e8re conditionnelle, partielle, sous r\u00e9serve d\u2019une acceptation g\u00e9n\u00e9rale de l\u2019ordre social.\u00a0\u00bb<\/p>\n\n\n\n\n\n<p class=\"has-text-align-left\"><strong><em>La nuit introuvable\u00a0<\/em>d\u2019Abdella Khaldi<\/strong><br>\u00ab On doit se rendre \u00e0 l\u2019\u00e9vidence : la nuit est introuvable, sinon aux moyens de chim\u00e8res publicitaires avec lesquelles nous jouons \u00e0 cloche-pied \u00e0 se faire peur tout en nous divertissant. La nuit se pr\u00e9sente \u00e0 nous, implacablement, comme un n\u00e9gatif photographique transfigurant le jour \u00e0 p\u00f4le renvers\u00e9. \u00bb<\/p>\n\n\n\n<p><strong><em>Ce que la nuit a fait \u00e0 la photographie<\/em>\u00a0<br><\/strong>Une chronique de Julien Faure-Conorton<br><strong>\u00c9pisode 5 : De deux choses lune<\/strong><br>\u00ab\u00a0<em>Le Brick au clair de lune\u00a0<\/em>de Gustave Le Gray nous pr\u00e9sente un navire solitaire prenant le large sur une mer \u00e9tale couronn\u00e9e d\u2019un ciel cotonneux. Comment, en effet, peut-il s\u2019agir d\u2019un nocturne alors m\u00eame qu\u2019\u00e0 l\u2019\u00e9poque o\u00f9 cette photographie est con\u00e7ue \u2013 1856 \u2013 la nuit demeure encore hors du spectre visible de la chambre noire ? \u00bb<\/p>\n\n\n\n<p><strong>Etel Adnan<\/strong><br>\u00ab\u00a0Je pense que la nuit est un nuage noir\u00a0\u00bb<\/p>\n\n\n\n<div class=\"wp-block-buttons is-layout-flex wp-block-buttons-is-layout-flex\">\n<div class=\"wp-block-button\"><a class=\"wp-block-button__link wp-element-button\">Achetez le num\u00e9ro<\/a><\/div>\n\n\n\n<div class=\"wp-block-button\"><a class=\"wp-block-button__link wp-element-button\">Lire un extrait<\/a><\/div>\n<\/div>\n","protected":false},"excerpt":{"rendered":"<p>#5. Fraternit\u00e9 Entretien avec Samuel Hayat, chercheur en science politique\u00ab\u00a0La fraternit\u00e9, en R\u00e9publique, comme la libert\u00e9 et l\u2019\u00e9galit\u00e9, n\u2019est accept\u00e9e par les dominants et par l\u2019appareil d\u2019\u00c9tat que de mani\u00e8re conditionnelle, partielle, sous r\u00e9serve d\u2019une acceptation g\u00e9n\u00e9rale de l\u2019ordre social.\u00a0\u00bb La nuit introuvable\u00a0d\u2019Abdella Khaldi\u00ab On doit se rendre \u00e0 l\u2019\u00e9vidence : la nuit est introuvable, [&hellip;]<\/p>\n","protected":false},"author":1,"featured_media":0,"parent":0,"menu_order":0,"comment_status":"closed","ping_status":"closed","template":"","meta":{"footnotes":""},"class_list":["post-142","page","type-page","status-publish","hentry"],"jetpack_sharing_enabled":true,"jetpack-related-posts":[{"id":136,"url":"https:\/\/www.belopolie.fr\/index.php\/la-nuit-3\/","url_meta":{"origin":142,"position":0},"title":"La nuit. #3","author":"admin2828","date":"17 d\u00e9cembre 2023","format":false,"excerpt":"#3. \u00catre pauvre, en France Entretien avec Axelle Brodiez-Dolino, historienne\u00ab Lutter contre la pauvret\u00e9, c\u2019est aussi travailler pour la d\u00e9mocratie. \u00bb En moi la nuit, un texte in\u00e9dit de Catherine Mavrikakis\u00ab Souvent, la nuit m\u2019arrive, \u00e0 l\u2019improviste, en plein jour, dans une lumi\u00e8re \u00e9blouissante, et je ne sais pourquoi (je\u2026","rel":"","context":"Article similaire","block_context":{"text":"Article similaire","link":""},"img":{"alt_text":"","src":"","width":0,"height":0},"classes":[]},{"id":123,"url":"https:\/\/www.belopolie.fr\/index.php\/la-nuit-1\/","url_meta":{"origin":142,"position":1},"title":"La nuit. 1","author":"admin2828","date":"17 d\u00e9cembre 2023","format":false,"excerpt":"#1. R\u00eavons-nous d\u2019une r\u00e9volution Alger, Beyrouth, Bagdad, Hongkong, Khartoum, Santiago, que reste-t-il des r\u00e9volutions ?Entretien avec Ludivine Bantigny, historienne \u00abTous les mouvements r\u00e9volutionnaires sont des temps suspendus \u00bb Une exploration po\u00e9tique et politique de la nuit La nuit divine\u00a0de Pierre BergouniouxUlysse face \u00e0 Cyclope. Un texte t\u00e9n\u00e9breux, cavernicole et nocturne.\u2026","rel":"","context":"Article similaire","block_context":{"text":"Article similaire","link":""},"img":{"alt_text":"","src":"https:\/\/i0.wp.com\/www.belopolie.fr\/wp-content\/uploads\/2023\/12\/DSC00934-scaled.jpg?resize=350%2C200&ssl=1","width":350,"height":200,"srcset":"https:\/\/i0.wp.com\/www.belopolie.fr\/wp-content\/uploads\/2023\/12\/DSC00934-scaled.jpg?resize=350%2C200&ssl=1 1x, https:\/\/i0.wp.com\/www.belopolie.fr\/wp-content\/uploads\/2023\/12\/DSC00934-scaled.jpg?resize=525%2C300&ssl=1 1.5x, https:\/\/i0.wp.com\/www.belopolie.fr\/wp-content\/uploads\/2023\/12\/DSC00934-scaled.jpg?resize=700%2C400&ssl=1 2x, https:\/\/i0.wp.com\/www.belopolie.fr\/wp-content\/uploads\/2023\/12\/DSC00934-scaled.jpg?resize=1050%2C600&ssl=1 3x, https:\/\/i0.wp.com\/www.belopolie.fr\/wp-content\/uploads\/2023\/12\/DSC00934-scaled.jpg?resize=1400%2C800&ssl=1 4x"},"classes":[]},{"id":128,"url":"https:\/\/www.belopolie.fr\/index.php\/la-nuit-2\/","url_meta":{"origin":142,"position":2},"title":"La nuit. #2","author":"admin2828","date":"17 d\u00e9cembre 2023","format":false,"excerpt":"#2. La peur, une id\u00e9e en politique Entretien avec Marc Cr\u00e9pon, philosophe \u00ab En surfant sur les \u00e9motions, sur les peurs, en discr\u00e9ditant la v\u00e9rit\u00e9, en perdant tout rapport avec l\u2019\u00e9tude, le savoir, la raison, la parole politique a trop souvent ouvert la voie au complotisme et \u00e0 la rumeur,\u2026","rel":"","context":"Article similaire","block_context":{"text":"Article similaire","link":""},"img":{"alt_text":"","src":"https:\/\/i0.wp.com\/www.belopolie.fr\/wp-content\/uploads\/2023\/12\/DSC01030-scaled.jpg?resize=350%2C200&ssl=1","width":350,"height":200,"srcset":"https:\/\/i0.wp.com\/www.belopolie.fr\/wp-content\/uploads\/2023\/12\/DSC01030-scaled.jpg?resize=350%2C200&ssl=1 1x, https:\/\/i0.wp.com\/www.belopolie.fr\/wp-content\/uploads\/2023\/12\/DSC01030-scaled.jpg?resize=525%2C300&ssl=1 1.5x, https:\/\/i0.wp.com\/www.belopolie.fr\/wp-content\/uploads\/2023\/12\/DSC01030-scaled.jpg?resize=700%2C400&ssl=1 2x, https:\/\/i0.wp.com\/www.belopolie.fr\/wp-content\/uploads\/2023\/12\/DSC01030-scaled.jpg?resize=1050%2C600&ssl=1 3x, https:\/\/i0.wp.com\/www.belopolie.fr\/wp-content\/uploads\/2023\/12\/DSC01030-scaled.jpg?resize=1400%2C800&ssl=1 4x"},"classes":[]},{"id":145,"url":"https:\/\/www.belopolie.fr\/index.php\/la-nuit-6\/","url_meta":{"origin":142,"position":3},"title":"La nuit. #6","author":"admin2828","date":"17 d\u00e9cembre 2023","format":false,"excerpt":"#6. La v\u00e9rit\u00e9 \u00e0 l\u2019\u00e9preuve du\u00a0faire croire Entretien avec Myriam Revault d\u2019Allonnes, philosophe\u00ab Nous aboutissons, avec le triomphe de la \u201cpost-v\u00e9rit\u00e9\u201d \u2013 dont il faut rappeler qu\u2019elle a sa source dans les soci\u00e9t\u00e9s d\u00e9mocratiques \u2013 \u00e0 des situations o\u00f9 l\u2019on peut se d\u00e9barrasser des r\u00e9alit\u00e9s factuelles et o\u00f9 il n\u2019est\u2026","rel":"","context":"Article similaire","block_context":{"text":"Article similaire","link":""},"img":{"alt_text":"","src":"","width":0,"height":0},"classes":[]},{"id":35,"url":"https:\/\/www.belopolie.fr\/index.php\/la-nuit\/","url_meta":{"origin":142,"position":4},"title":"La nuit.","author":"admin2828","date":"17 d\u00e9cembre 2023","format":false,"excerpt":"Acheter un num\u00e9ro S'abonner \u2022 Un grand entretien\u00a0\u2022 Alors que pendant nos jours d\u00e9filent les commentaires sur l\u2019actualit\u00e9, le temps de la nuit est id\u00e9al pour r\u00e9fl\u00e9chir. La nuit. offre un espace \u00e0 la connaissance, par un grand entretien avec un\u00b7e historien\u00b7ne, \u00e9crivain\u00b7e, philosophe, pour mieux saisir une id\u00e9e ou\u2026","rel":"","context":"Article similaire","block_context":{"text":"Article similaire","link":""},"img":{"alt_text":"","src":"https:\/\/i0.wp.com\/www.belopolie.fr\/wp-content\/uploads\/2023\/12\/NUIT_LOGO.png?resize=350%2C200&ssl=1","width":350,"height":200,"srcset":"https:\/\/i0.wp.com\/www.belopolie.fr\/wp-content\/uploads\/2023\/12\/NUIT_LOGO.png?resize=350%2C200&ssl=1 1x, https:\/\/i0.wp.com\/www.belopolie.fr\/wp-content\/uploads\/2023\/12\/NUIT_LOGO.png?resize=525%2C300&ssl=1 1.5x, https:\/\/i0.wp.com\/www.belopolie.fr\/wp-content\/uploads\/2023\/12\/NUIT_LOGO.png?resize=700%2C400&ssl=1 2x, https:\/\/i0.wp.com\/www.belopolie.fr\/wp-content\/uploads\/2023\/12\/NUIT_LOGO.png?resize=1050%2C600&ssl=1 3x, https:\/\/i0.wp.com\/www.belopolie.fr\/wp-content\/uploads\/2023\/12\/NUIT_LOGO.png?resize=1400%2C800&ssl=1 4x"},"classes":[]},{"id":138,"url":"https:\/\/www.belopolie.fr\/index.php\/la-nuit-4\/","url_meta":{"origin":142,"position":5},"title":"La nuit. #4","author":"admin2828","date":"17 d\u00e9cembre 2023","format":false,"excerpt":"#4. Le travail a-t-il un avenir Entretien avec Dominique M\u00e9da, sociologue et philosophe\u00ab\u00a0D\u00e9marchandiser le travail, c\u2019est rompre avec notre acceptation du ch\u00f4mage et mettre en \u0153uvre une autre mani\u00e8re d\u2019organiser le travail.\u00a0\u00bb La rumeur\u00a0(La rim\u00e8r)\u00a0de Vincent ConstantinUne nouvelle in\u00e9dite publi\u00e9e en cr\u00e9ole r\u00e9unionnais et traduite en fran\u00e7ais par l\u2019auteur. Ce\u2026","rel":"","context":"Article similaire","block_context":{"text":"Article similaire","link":""},"img":{"alt_text":"","src":"https:\/\/i0.wp.com\/www.belopolie.fr\/wp-content\/uploads\/2023\/12\/La-nuit.8-scaled.jpg?resize=350%2C200&ssl=1","width":350,"height":200,"srcset":"https:\/\/i0.wp.com\/www.belopolie.fr\/wp-content\/uploads\/2023\/12\/La-nuit.8-scaled.jpg?resize=350%2C200&ssl=1 1x, https:\/\/i0.wp.com\/www.belopolie.fr\/wp-content\/uploads\/2023\/12\/La-nuit.8-scaled.jpg?resize=525%2C300&ssl=1 1.5x, https:\/\/i0.wp.com\/www.belopolie.fr\/wp-content\/uploads\/2023\/12\/La-nuit.8-scaled.jpg?resize=700%2C400&ssl=1 2x, https:\/\/i0.wp.com\/www.belopolie.fr\/wp-content\/uploads\/2023\/12\/La-nuit.8-scaled.jpg?resize=1050%2C600&ssl=1 3x, https:\/\/i0.wp.com\/www.belopolie.fr\/wp-content\/uploads\/2023\/12\/La-nuit.8-scaled.jpg?resize=1400%2C800&ssl=1 4x"},"classes":[]}],"_links":{"self":[{"href":"https:\/\/www.belopolie.fr\/index.php\/wp-json\/wp\/v2\/pages\/142","targetHints":{"allow":["GET"]}}],"collection":[{"href":"https:\/\/www.belopolie.fr\/index.php\/wp-json\/wp\/v2\/pages"}],"about":[{"href":"https:\/\/www.belopolie.fr\/index.php\/wp-json\/wp\/v2\/types\/page"}],"author":[{"embeddable":true,"href":"https:\/\/www.belopolie.fr\/index.php\/wp-json\/wp\/v2\/users\/1"}],"replies":[{"embeddable":true,"href":"https:\/\/www.belopolie.fr\/index.php\/wp-json\/wp\/v2\/comments?post=142"}],"version-history":[{"count":2,"href":"https:\/\/www.belopolie.fr\/index.php\/wp-json\/wp\/v2\/pages\/142\/revisions"}],"predecessor-version":[{"id":196,"href":"https:\/\/www.belopolie.fr\/index.php\/wp-json\/wp\/v2\/pages\/142\/revisions\/196"}],"wp:attachment":[{"href":"https:\/\/www.belopolie.fr\/index.php\/wp-json\/wp\/v2\/media?parent=142"}],"curies":[{"name":"wp","href":"https:\/\/api.w.org\/{rel}","templated":true}]}}

<p class="has-large-font-size"><strong>#5. Fraternité</strong></p>



<p class="has-medium-font-size"><strong>Entretien avec Samuel Hayat, chercheur en science politique</strong><br>« La fraternité, en République, comme la liberté et l’égalité, n’est acceptée par les dominants et par l’appareil d’État que de manière conditionnelle, partielle, sous réserve d’une acceptation générale de l’ordre social. »</p>





<p class="has-text-align-left"><strong><em>La nuit introuvable </em>d’Abdella Khaldi</strong><br>« On doit se rendre à l’évidence : la nuit est introuvable, sinon aux moyens de chimères publicitaires avec lesquelles nous jouons à cloche-pied à se faire peur tout en nous divertissant. La nuit se présente à nous, implacablement, comme un négatif photographique transfigurant le jour à pôle renversé. »</p>



<p><strong><em>Ce que la nuit a fait à la photographie</em> <br></strong>Une chronique de Julien Faure-Conorton<br><strong>Épisode 5 : De deux choses lune</strong><br>« <em>Le Brick au clair de lune </em>de Gustave Le Gray nous présente un navire solitaire prenant le large sur une mer étale couronnée d’un ciel cotonneux. Comment, en effet, peut-il s’agir d’un nocturne alors même qu’à l’époque où cette photographie est conçue – 1856 – la nuit demeure encore hors du spectre visible de la chambre noire ? »</p>



<p><strong>Etel Adnan</strong><br>« Je pense que la nuit est un nuage noir »</p>



<div class="wp-block-buttons is-layout-flex wp-block-buttons-is-layout-flex">
<div class="wp-block-button"><a class="wp-block-button__link wp-element-button">Achetez le numéro</a></div>



<div class="wp-block-button"><a class="wp-block-button__link wp-element-button">Lire un extrait</a></div>
</div>

<p>#5. Fraternité Entretien avec Samuel Hayat, chercheur en science politique« La fraternité, en République, comme la liberté et l’égalité, n’est acceptée par les dominants et par l’appareil d’État que de manière conditionnelle, partielle, sous réserve d’une acceptation générale de l’ordre social. » La nuit introuvable d’Abdella Khaldi« On doit se rendre à l’évidence : la nuit est introuvable, [&hellip;]</p>

17 décembre 2023

#3. Être pauvre, en France Entretien avec Axelle Brodiez-Dolino, historienne« Lutter contre la pauvreté, c’est aussi travailler pour la démocratie. » En moi la nuit, un texte inédit de Catherine Mavrikakis« Souvent, la nuit m’arrive, à l’improviste, en plein jour, dans une lumière éblouissante, et je ne sais pourquoi (je…

#1. Rêvons-nous d’une révolution Alger, Beyrouth, Bagdad, Hongkong, Khartoum, Santiago, que reste-t-il des révolutions ?Entretien avec Ludivine Bantigny, historienne «Tous les mouvements révolutionnaires sont des temps suspendus » Une exploration poétique et politique de la nuit La nuit divine de Pierre BergouniouxUlysse face à Cyclope. Un texte ténébreux, cavernicole et nocturne.…

#2. La peur, une idée en politique Entretien avec Marc Crépon, philosophe « En surfant sur les émotions, sur les peurs, en discréditant la vérité, en perdant tout rapport avec l’étude, le savoir, la raison, la parole politique a trop souvent ouvert la voie au complotisme et à la rumeur,…

#6. La vérité à l’épreuve du faire croire Entretien avec Myriam Revault d’Allonnes, philosophe« Nous aboutissons, avec le triomphe de la “post-vérité” – dont il faut rappeler qu’elle a sa source dans les sociétés démocratiques – à des situations où l’on peut se débarrasser des réalités factuelles et où il n’est…

Acheter un numéro S'abonner • Un grand entretien • Alors que pendant nos jours défilent les commentaires sur l’actualité, le temps de la nuit est idéal pour réfléchir. La nuit. offre un espace à la connaissance, par un grand entretien avec un·e historien·ne, écrivain·e, philosophe, pour mieux saisir une idée ou…

#4. Le travail a-t-il un avenir Entretien avec Dominique Méda, sociologue et philosophe« Démarchandiser le travail, c’est rompre avec notre acceptation du chômage et mettre en œuvre une autre manière d’organiser le travail. » La rumeur (La rimèr) de Vincent ConstantinUne nouvelle inédite publiée en créole réunionnais et traduite en français par l’auteur. Ce…
