{"id":228,"date":"2024-01-11T10:26:08","date_gmt":"2024-01-11T09:26:08","guid":{"rendered":"https:\/\/www.belopolie.fr\/?post_type=product&#038;p=228"},"modified":"2024-01-15T14:19:26","modified_gmt":"2024-01-15T13:19:26","slug":"la-nuit-3","status":"publish","type":"product","link":"https:\/\/www.belopolie.fr\/index.php\/product\/la-nuit-3\/","title":{"rendered":"La nuit. #2"},"content":{"rendered":"<p><b>La peur, une id\u00e9e en politique<\/b><br \/>\nEntretien avec Marc Cr\u00e9pon<\/p>\n<blockquote><p>\u00ab En surfant sur les \u00e9motions, sur les peurs, en discr\u00e9ditant la v\u00e9rit\u00e9, en perdant tout rapport avec l\u2019\u00e9tude, le savoir, la raison, la parole politique a trop souvent ouvert la voie au complotisme et \u00e0 la rumeur, ces derni\u00e8res ann\u00e9es. \u00bb<\/p><\/blockquote>\n<p><strong>Une exploration po\u00e9tique et politique de la nuit<br \/>\n<\/strong><em>Nox (pour les b\u00eates de la nuit)<\/em><strong><br \/>\n<\/strong>Une nouvelle in\u00e9dite de Romain Verger<\/p>\n<p>Ce que la nuit a fait \u00e0 la photographie &#8211; \u00c9pisode 2<br \/>\nUne chronique de Julien Faure-Conorton<br \/>\n<em>Un pav\u00e9 dans la nuit<\/em><\/p>\n<p><strong>\u00a0<\/strong><\/p>\n","protected":false},"excerpt":{"rendered":"<p><b>La peur, une id\u00e9e en politique<\/b><\/p>\n<p>Entretien avec Marc Cr\u00e9pon, philosophe<\/p>\n","protected":false},"featured_media":267,"template":"","meta":[],"product_cat":[20],"product_tag":[],"class_list":["post-228","product","type-product","status-publish","has-post-thumbnail","hentry","product_cat-la-nuit"],"jetpack_sharing_enabled":true,"jetpack-related-posts":[{"id":223,"url":"https:\/\/www.belopolie.fr\/index.php\/product\/la-nuit-5\/","url_meta":{"origin":228,"position":0},"title":"La nuit. #5","author":"admin2828","date":"11 janvier 2024","format":false,"excerpt":"Fraternit\u00e9 (r\u00e9ponses aux anti-Lumi\u00e8res 1.) Entretien avec Samuel Hayat, chercheur en sciences politiques","rel":"","context":"Article similaire","block_context":{"text":"Article similaire","link":""},"img":{"alt_text":"","src":"https:\/\/i0.wp.com\/www.belopolie.fr\/wp-content\/uploads\/2024\/01\/lanuit5mockup4-copie-scaled.jpg?fit=1200%2C900&ssl=1&resize=350%2C200","width":350,"height":200,"srcset":"https:\/\/i0.wp.com\/www.belopolie.fr\/wp-content\/uploads\/2024\/01\/lanuit5mockup4-copie-scaled.jpg?fit=1200%2C900&ssl=1&resize=350%2C200 1x, https:\/\/i0.wp.com\/www.belopolie.fr\/wp-content\/uploads\/2024\/01\/lanuit5mockup4-copie-scaled.jpg?fit=1200%2C900&ssl=1&resize=525%2C300 1.5x, https:\/\/i0.wp.com\/www.belopolie.fr\/wp-content\/uploads\/2024\/01\/lanuit5mockup4-copie-scaled.jpg?fit=1200%2C900&ssl=1&resize=700%2C400 2x, https:\/\/i0.wp.com\/www.belopolie.fr\/wp-content\/uploads\/2024\/01\/lanuit5mockup4-copie-scaled.jpg?fit=1200%2C900&ssl=1&resize=1050%2C600 3x"},"classes":[]},{"id":230,"url":"https:\/\/www.belopolie.fr\/index.php\/product\/la-nuit-3-2\/","url_meta":{"origin":228,"position":1},"title":"La nuit. #3","author":"admin2828","date":"11 janvier 2024","format":false,"excerpt":"\u00catre pauvre, en France Entretien avec Axelle Brodiez-Dolino, historienne","rel":"","context":"Article similaire","block_context":{"text":"Article similaire","link":""},"img":{"alt_text":"","src":"https:\/\/i0.wp.com\/www.belopolie.fr\/wp-content\/uploads\/2024\/01\/Lanuit3-scaled.jpg?fit=1200%2C900&ssl=1&resize=350%2C200","width":350,"height":200,"srcset":"https:\/\/i0.wp.com\/www.belopolie.fr\/wp-content\/uploads\/2024\/01\/Lanuit3-scaled.jpg?fit=1200%2C900&ssl=1&resize=350%2C200 1x, https:\/\/i0.wp.com\/www.belopolie.fr\/wp-content\/uploads\/2024\/01\/Lanuit3-scaled.jpg?fit=1200%2C900&ssl=1&resize=525%2C300 1.5x, https:\/\/i0.wp.com\/www.belopolie.fr\/wp-content\/uploads\/2024\/01\/Lanuit3-scaled.jpg?fit=1200%2C900&ssl=1&resize=700%2C400 2x, https:\/\/i0.wp.com\/www.belopolie.fr\/wp-content\/uploads\/2024\/01\/Lanuit3-scaled.jpg?fit=1200%2C900&ssl=1&resize=1050%2C600 3x"},"classes":[]},{"id":216,"url":"https:\/\/www.belopolie.fr\/index.php\/product\/la-nuit-7\/","url_meta":{"origin":228,"position":2},"title":"La nuit. #7","author":"admin2828","date":"11 janvier 2024","format":false,"excerpt":"Maghreb, les promesses d\u2019un destin collectif Entretien avec Khadija Mohsen-Finan, politologue et historienne","rel":"","context":"Article similaire","block_context":{"text":"Article similaire","link":""},"img":{"alt_text":"","src":"https:\/\/i0.wp.com\/www.belopolie.fr\/wp-content\/uploads\/2024\/01\/763f075e-9433-47c0-b3bb-04c02a66f739.jpg?fit=1200%2C900&ssl=1&resize=350%2C200","width":350,"height":200,"srcset":"https:\/\/i0.wp.com\/www.belopolie.fr\/wp-content\/uploads\/2024\/01\/763f075e-9433-47c0-b3bb-04c02a66f739.jpg?fit=1200%2C900&ssl=1&resize=350%2C200 1x, https:\/\/i0.wp.com\/www.belopolie.fr\/wp-content\/uploads\/2024\/01\/763f075e-9433-47c0-b3bb-04c02a66f739.jpg?fit=1200%2C900&ssl=1&resize=525%2C300 1.5x, https:\/\/i0.wp.com\/www.belopolie.fr\/wp-content\/uploads\/2024\/01\/763f075e-9433-47c0-b3bb-04c02a66f739.jpg?fit=1200%2C900&ssl=1&resize=700%2C400 2x, https:\/\/i0.wp.com\/www.belopolie.fr\/wp-content\/uploads\/2024\/01\/763f075e-9433-47c0-b3bb-04c02a66f739.jpg?fit=1200%2C900&ssl=1&resize=1050%2C600 3x"},"classes":[]},{"id":157,"url":"https:\/\/www.belopolie.fr\/index.php\/product\/la-nuit-8\/","url_meta":{"origin":228,"position":3},"title":"La nuit. #8","author":"admin2828","date":"11 janvier 2024","format":false,"excerpt":"Maghreb, les promesses d\u2019un destin collectif Entretien avec Khadija Mohsen-Finan, politologue et historienne","rel":"","context":"Article similaire","block_context":{"text":"Article similaire","link":""},"img":{"alt_text":"","src":"https:\/\/i0.wp.com\/www.belopolie.fr\/wp-content\/uploads\/2023\/12\/La-nuit.8-scaled.jpg?fit=1200%2C900&ssl=1&resize=350%2C200","width":350,"height":200,"srcset":"https:\/\/i0.wp.com\/www.belopolie.fr\/wp-content\/uploads\/2023\/12\/La-nuit.8-scaled.jpg?fit=1200%2C900&ssl=1&resize=350%2C200 1x, https:\/\/i0.wp.com\/www.belopolie.fr\/wp-content\/uploads\/2023\/12\/La-nuit.8-scaled.jpg?fit=1200%2C900&ssl=1&resize=525%2C300 1.5x, https:\/\/i0.wp.com\/www.belopolie.fr\/wp-content\/uploads\/2023\/12\/La-nuit.8-scaled.jpg?fit=1200%2C900&ssl=1&resize=700%2C400 2x, https:\/\/i0.wp.com\/www.belopolie.fr\/wp-content\/uploads\/2023\/12\/La-nuit.8-scaled.jpg?fit=1200%2C900&ssl=1&resize=1050%2C600 3x"},"classes":[]},{"id":227,"url":"https:\/\/www.belopolie.fr\/index.php\/product\/la-nuit-4\/","url_meta":{"origin":228,"position":4},"title":"La nuit. #4","author":"admin2828","date":"11 janvier 2024","format":false,"excerpt":"Le travail a-t-il un avenir Entretien avec Dominique M\u00e9da, sociologue","rel":"","context":"Article similaire","block_context":{"text":"Article similaire","link":""},"img":{"alt_text":"","src":"https:\/\/i0.wp.com\/www.belopolie.fr\/wp-content\/uploads\/2024\/01\/Lanuit4-scaled.jpg?fit=1200%2C900&ssl=1&resize=350%2C200","width":350,"height":200,"srcset":"https:\/\/i0.wp.com\/www.belopolie.fr\/wp-content\/uploads\/2024\/01\/Lanuit4-scaled.jpg?fit=1200%2C900&ssl=1&resize=350%2C200 1x, https:\/\/i0.wp.com\/www.belopolie.fr\/wp-content\/uploads\/2024\/01\/Lanuit4-scaled.jpg?fit=1200%2C900&ssl=1&resize=525%2C300 1.5x, https:\/\/i0.wp.com\/www.belopolie.fr\/wp-content\/uploads\/2024\/01\/Lanuit4-scaled.jpg?fit=1200%2C900&ssl=1&resize=700%2C400 2x, https:\/\/i0.wp.com\/www.belopolie.fr\/wp-content\/uploads\/2024\/01\/Lanuit4-scaled.jpg?fit=1200%2C900&ssl=1&resize=1050%2C600 3x"},"classes":[]},{"id":232,"url":"https:\/\/www.belopolie.fr\/index.php\/product\/la-nuit-1\/","url_meta":{"origin":228,"position":5},"title":"La nuit. #1","author":"admin2828","date":"11 janvier 2024","format":false,"excerpt":"R\u00eavons-nous d'une r\u00e9volution Entretien avec Ludivine Bantigny, historienne","rel":"","context":"Article similaire","block_context":{"text":"Article similaire","link":""},"img":{"alt_text":"","src":"https:\/\/i0.wp.com\/www.belopolie.fr\/wp-content\/uploads\/2024\/01\/La-nuit1-scaled.jpg?fit=1200%2C900&ssl=1&resize=350%2C200","width":350,"height":200,"srcset":"https:\/\/i0.wp.com\/www.belopolie.fr\/wp-content\/uploads\/2024\/01\/La-nuit1-scaled.jpg?fit=1200%2C900&ssl=1&resize=350%2C200 1x, https:\/\/i0.wp.com\/www.belopolie.fr\/wp-content\/uploads\/2024\/01\/La-nuit1-scaled.jpg?fit=1200%2C900&ssl=1&resize=525%2C300 1.5x, https:\/\/i0.wp.com\/www.belopolie.fr\/wp-content\/uploads\/2024\/01\/La-nuit1-scaled.jpg?fit=1200%2C900&ssl=1&resize=700%2C400 2x, https:\/\/i0.wp.com\/www.belopolie.fr\/wp-content\/uploads\/2024\/01\/La-nuit1-scaled.jpg?fit=1200%2C900&ssl=1&resize=1050%2C600 3x"},"classes":[]}],"_links":{"self":[{"href":"https:\/\/www.belopolie.fr\/index.php\/wp-json\/wp\/v2\/product\/228","targetHints":{"allow":["GET"]}}],"collection":[{"href":"https:\/\/www.belopolie.fr\/index.php\/wp-json\/wp\/v2\/product"}],"about":[{"href":"https:\/\/www.belopolie.fr\/index.php\/wp-json\/wp\/v2\/types\/product"}],"wp:featuredmedia":[{"embeddable":true,"href":"https:\/\/www.belopolie.fr\/index.php\/wp-json\/wp\/v2\/media\/267"}],"wp:attachment":[{"href":"https:\/\/www.belopolie.fr\/index.php\/wp-json\/wp\/v2\/media?parent=228"}],"wp:term":[{"taxonomy":"product_cat","embeddable":true,"href":"https:\/\/www.belopolie.fr\/index.php\/wp-json\/wp\/v2\/product_cat?post=228"},{"taxonomy":"product_tag","embeddable":true,"href":"https:\/\/www.belopolie.fr\/index.php\/wp-json\/wp\/v2\/product_tag?post=228"}],"curies":[{"name":"wp","href":"https:\/\/api.w.org\/{rel}","templated":true}]}}

<p><b>La peur, une idée en politique</b><br />
Entretien avec Marc Crépon</p>
<blockquote><p>« En surfant sur les émotions, sur les peurs, en discréditant la vérité, en perdant tout rapport avec l’étude, le savoir, la raison, la parole politique a trop souvent ouvert la voie au complotisme et à la rumeur, ces dernières années. »</p></blockquote>
<p><strong>Une exploration poétique et politique de la nuit<br />
</strong><em>Nox (pour les bêtes de la nuit)</em><strong><br />
</strong>Une nouvelle inédite de Romain Verger</p>
<p>Ce que la nuit a fait à la photographie &#8211; Épisode 2<br />
Une chronique de Julien Faure-Conorton<br />
<em>Un pavé dans la nuit</em></p>
<p><strong> </strong></p>

<p><b>La peur, une idée en politique</b></p>
<p>Entretien avec Marc Crépon, philosophe</p>

Fraternité (réponses aux anti-Lumières 1.) Entretien avec Samuel Hayat, chercheur en sciences politiques

Être pauvre, en France Entretien avec Axelle Brodiez-Dolino, historienne

Le travail a-t-il un avenir Entretien avec Dominique Méda, sociologue

Rêvons-nous d'une révolution Entretien avec Ludivine Bantigny, historienne
