{"id":232,"date":"2024-01-11T10:33:27","date_gmt":"2024-01-11T09:33:27","guid":{"rendered":"https:\/\/www.belopolie.fr\/?post_type=product&#038;p=232"},"modified":"2024-01-15T14:17:35","modified_gmt":"2024-01-15T13:17:35","slug":"la-nuit-1","status":"publish","type":"product","link":"https:\/\/www.belopolie.fr\/index.php\/product\/la-nuit-1\/","title":{"rendered":"La nuit. #1"},"content":{"rendered":"<p><b>R\u00eavons-nous d&rsquo;une r\u00e9volution <\/b><br \/>\nEntretien avec Ludivine Bantigny, historienne<\/p>\n<blockquote><p>\u00ab\u00a0Tous les mouvements r\u00e9volutionnaires sont des temps suspendus \u00bb<\/p><\/blockquote>\n<p><strong>Une exploration po\u00e9tique et politique de la nuit<br \/>\n<\/strong><i>La nuit divine\u00a0<\/i>de Pierre Bergounioux<br \/>\nUlysse face \u00e0 Cyclope. Un texte t\u00e9n\u00e9breux, cavernicole et nocturne.<\/p>\n<p><i>Ce que la nuit a fait \u00e0 la photographie<br \/>\n<\/i>Une chronique de Julien Faure-Conorton<\/p>\n<p><i>Ensemble au bleu de nuit<\/i> de Habib Tengour<br \/>\n\u00ab\u00a0Les forces d\u2019inertie allaient \u00eatre bouscul\u00e9es par un mouvement non calcul\u00e9 qui mac\u00e9rait attendant son heure. Mouvement gigantesque, r\u00e9volution qui allait enluminer nos nuits (longues nuits se d\u00e9roulant comme vagues marines au dire du po\u00e8te errant) et nous redonner le go\u00fbt des veilles sonores et souhaiter que le jour retarde son apparition le plus longtemps possible, la complainte se transformant en scansion joyeuse\u2026 en houle tout autour\u2026\u00a0Inlassables ces nuits en fanfare, en clameurs enthousiastes, tout semblait faisable, tout \u00e0 port\u00e9e de ce besoin de vivre enfin libre.\u00a0\u00bb<\/p>\n<p><strong>Avec aussi<\/strong>, un po\u00e8me d\u2019Antoinette Jaume\u00a0; \u00ab\u00a0Sauver la nuit. Penser l\u2019obscurit\u00e9 comme un bien commun\u00a0\u00bb, une r\u00e9flexion de Samuel Chall\u00e9at.<\/p>\n<p><strong>\u00a0<\/strong><\/p>\n","protected":false},"excerpt":{"rendered":"<p><b>R\u00eavons-nous d&rsquo;une r\u00e9volution<\/b><\/p>\n<p>Entretien avec Ludivine Bantigny, historienne<\/p>\n","protected":false},"featured_media":265,"template":"","meta":[],"product_cat":[20],"product_tag":[],"class_list":["post-232","product","type-product","status-publish","has-post-thumbnail","hentry","product_cat-la-nuit"],"jetpack_sharing_enabled":true,"jetpack-related-posts":[{"id":228,"url":"https:\/\/www.belopolie.fr\/index.php\/product\/la-nuit-3\/","url_meta":{"origin":232,"position":0},"title":"La nuit. #2","author":"admin2828","date":"11 janvier 2024","format":false,"excerpt":"La peur, une id\u00e9e en politique Entretien avec Marc Cr\u00e9pon, philosophe","rel":"","context":"Article similaire","block_context":{"text":"Article similaire","link":""},"img":{"alt_text":"","src":"https:\/\/i0.wp.com\/www.belopolie.fr\/wp-content\/uploads\/2024\/01\/La-nuit2-scaled.jpg?fit=1200%2C900&ssl=1&resize=350%2C200","width":350,"height":200,"srcset":"https:\/\/i0.wp.com\/www.belopolie.fr\/wp-content\/uploads\/2024\/01\/La-nuit2-scaled.jpg?fit=1200%2C900&ssl=1&resize=350%2C200 1x, https:\/\/i0.wp.com\/www.belopolie.fr\/wp-content\/uploads\/2024\/01\/La-nuit2-scaled.jpg?fit=1200%2C900&ssl=1&resize=525%2C300 1.5x, https:\/\/i0.wp.com\/www.belopolie.fr\/wp-content\/uploads\/2024\/01\/La-nuit2-scaled.jpg?fit=1200%2C900&ssl=1&resize=700%2C400 2x, https:\/\/i0.wp.com\/www.belopolie.fr\/wp-content\/uploads\/2024\/01\/La-nuit2-scaled.jpg?fit=1200%2C900&ssl=1&resize=1050%2C600 3x"},"classes":[]},{"id":223,"url":"https:\/\/www.belopolie.fr\/index.php\/product\/la-nuit-5\/","url_meta":{"origin":232,"position":1},"title":"La nuit. #5","author":"admin2828","date":"11 janvier 2024","format":false,"excerpt":"Fraternit\u00e9 (r\u00e9ponses aux anti-Lumi\u00e8res 1.) Entretien avec Samuel Hayat, chercheur en sciences politiques","rel":"","context":"Article similaire","block_context":{"text":"Article similaire","link":""},"img":{"alt_text":"","src":"https:\/\/i0.wp.com\/www.belopolie.fr\/wp-content\/uploads\/2024\/01\/lanuit5mockup4-copie-scaled.jpg?fit=1200%2C900&ssl=1&resize=350%2C200","width":350,"height":200,"srcset":"https:\/\/i0.wp.com\/www.belopolie.fr\/wp-content\/uploads\/2024\/01\/lanuit5mockup4-copie-scaled.jpg?fit=1200%2C900&ssl=1&resize=350%2C200 1x, https:\/\/i0.wp.com\/www.belopolie.fr\/wp-content\/uploads\/2024\/01\/lanuit5mockup4-copie-scaled.jpg?fit=1200%2C900&ssl=1&resize=525%2C300 1.5x, https:\/\/i0.wp.com\/www.belopolie.fr\/wp-content\/uploads\/2024\/01\/lanuit5mockup4-copie-scaled.jpg?fit=1200%2C900&ssl=1&resize=700%2C400 2x, https:\/\/i0.wp.com\/www.belopolie.fr\/wp-content\/uploads\/2024\/01\/lanuit5mockup4-copie-scaled.jpg?fit=1200%2C900&ssl=1&resize=1050%2C600 3x"},"classes":[]},{"id":230,"url":"https:\/\/www.belopolie.fr\/index.php\/product\/la-nuit-3-2\/","url_meta":{"origin":232,"position":2},"title":"La nuit. #3","author":"admin2828","date":"11 janvier 2024","format":false,"excerpt":"\u00catre pauvre, en France Entretien avec Axelle Brodiez-Dolino, historienne","rel":"","context":"Article similaire","block_context":{"text":"Article similaire","link":""},"img":{"alt_text":"","src":"https:\/\/i0.wp.com\/www.belopolie.fr\/wp-content\/uploads\/2024\/01\/Lanuit3-scaled.jpg?fit=1200%2C900&ssl=1&resize=350%2C200","width":350,"height":200,"srcset":"https:\/\/i0.wp.com\/www.belopolie.fr\/wp-content\/uploads\/2024\/01\/Lanuit3-scaled.jpg?fit=1200%2C900&ssl=1&resize=350%2C200 1x, https:\/\/i0.wp.com\/www.belopolie.fr\/wp-content\/uploads\/2024\/01\/Lanuit3-scaled.jpg?fit=1200%2C900&ssl=1&resize=525%2C300 1.5x, https:\/\/i0.wp.com\/www.belopolie.fr\/wp-content\/uploads\/2024\/01\/Lanuit3-scaled.jpg?fit=1200%2C900&ssl=1&resize=700%2C400 2x, https:\/\/i0.wp.com\/www.belopolie.fr\/wp-content\/uploads\/2024\/01\/Lanuit3-scaled.jpg?fit=1200%2C900&ssl=1&resize=1050%2C600 3x"},"classes":[]},{"id":227,"url":"https:\/\/www.belopolie.fr\/index.php\/product\/la-nuit-4\/","url_meta":{"origin":232,"position":3},"title":"La nuit. #4","author":"admin2828","date":"11 janvier 2024","format":false,"excerpt":"Le travail a-t-il un avenir Entretien avec Dominique M\u00e9da, sociologue","rel":"","context":"Article similaire","block_context":{"text":"Article similaire","link":""},"img":{"alt_text":"","src":"https:\/\/i0.wp.com\/www.belopolie.fr\/wp-content\/uploads\/2024\/01\/Lanuit4-scaled.jpg?fit=1200%2C900&ssl=1&resize=350%2C200","width":350,"height":200,"srcset":"https:\/\/i0.wp.com\/www.belopolie.fr\/wp-content\/uploads\/2024\/01\/Lanuit4-scaled.jpg?fit=1200%2C900&ssl=1&resize=350%2C200 1x, https:\/\/i0.wp.com\/www.belopolie.fr\/wp-content\/uploads\/2024\/01\/Lanuit4-scaled.jpg?fit=1200%2C900&ssl=1&resize=525%2C300 1.5x, https:\/\/i0.wp.com\/www.belopolie.fr\/wp-content\/uploads\/2024\/01\/Lanuit4-scaled.jpg?fit=1200%2C900&ssl=1&resize=700%2C400 2x, https:\/\/i0.wp.com\/www.belopolie.fr\/wp-content\/uploads\/2024\/01\/Lanuit4-scaled.jpg?fit=1200%2C900&ssl=1&resize=1050%2C600 3x"},"classes":[]},{"id":157,"url":"https:\/\/www.belopolie.fr\/index.php\/product\/la-nuit-8\/","url_meta":{"origin":232,"position":4},"title":"La nuit. #8","author":"admin2828","date":"11 janvier 2024","format":false,"excerpt":"Maghreb, les promesses d\u2019un destin collectif Entretien avec Khadija Mohsen-Finan, politologue et historienne","rel":"","context":"Article similaire","block_context":{"text":"Article similaire","link":""},"img":{"alt_text":"","src":"https:\/\/i0.wp.com\/www.belopolie.fr\/wp-content\/uploads\/2023\/12\/La-nuit.8-scaled.jpg?fit=1200%2C900&ssl=1&resize=350%2C200","width":350,"height":200,"srcset":"https:\/\/i0.wp.com\/www.belopolie.fr\/wp-content\/uploads\/2023\/12\/La-nuit.8-scaled.jpg?fit=1200%2C900&ssl=1&resize=350%2C200 1x, https:\/\/i0.wp.com\/www.belopolie.fr\/wp-content\/uploads\/2023\/12\/La-nuit.8-scaled.jpg?fit=1200%2C900&ssl=1&resize=525%2C300 1.5x, https:\/\/i0.wp.com\/www.belopolie.fr\/wp-content\/uploads\/2023\/12\/La-nuit.8-scaled.jpg?fit=1200%2C900&ssl=1&resize=700%2C400 2x, https:\/\/i0.wp.com\/www.belopolie.fr\/wp-content\/uploads\/2023\/12\/La-nuit.8-scaled.jpg?fit=1200%2C900&ssl=1&resize=1050%2C600 3x"},"classes":[]},{"id":218,"url":"https:\/\/www.belopolie.fr\/index.php\/product\/la-nuit-6\/","url_meta":{"origin":232,"position":5},"title":"La nuit. #6","author":"admin2828","date":"11 janvier 2024","format":false,"excerpt":"La v\u00e9rit\u00e9 \u00e0 l'\u00e9preuve du faire croire Entretien avec Myriam Revault d'Allones, philosophe","rel":"","context":"Article similaire","block_context":{"text":"Article similaire","link":""},"img":{"alt_text":"","src":"https:\/\/i0.wp.com\/www.belopolie.fr\/wp-content\/uploads\/2024\/01\/La-nuit6-mockup-b-scaled.jpg?fit=1200%2C900&ssl=1&resize=350%2C200","width":350,"height":200,"srcset":"https:\/\/i0.wp.com\/www.belopolie.fr\/wp-content\/uploads\/2024\/01\/La-nuit6-mockup-b-scaled.jpg?fit=1200%2C900&ssl=1&resize=350%2C200 1x, https:\/\/i0.wp.com\/www.belopolie.fr\/wp-content\/uploads\/2024\/01\/La-nuit6-mockup-b-scaled.jpg?fit=1200%2C900&ssl=1&resize=525%2C300 1.5x, https:\/\/i0.wp.com\/www.belopolie.fr\/wp-content\/uploads\/2024\/01\/La-nuit6-mockup-b-scaled.jpg?fit=1200%2C900&ssl=1&resize=700%2C400 2x, https:\/\/i0.wp.com\/www.belopolie.fr\/wp-content\/uploads\/2024\/01\/La-nuit6-mockup-b-scaled.jpg?fit=1200%2C900&ssl=1&resize=1050%2C600 3x"},"classes":[]}],"_links":{"self":[{"href":"https:\/\/www.belopolie.fr\/index.php\/wp-json\/wp\/v2\/product\/232","targetHints":{"allow":["GET"]}}],"collection":[{"href":"https:\/\/www.belopolie.fr\/index.php\/wp-json\/wp\/v2\/product"}],"about":[{"href":"https:\/\/www.belopolie.fr\/index.php\/wp-json\/wp\/v2\/types\/product"}],"wp:featuredmedia":[{"embeddable":true,"href":"https:\/\/www.belopolie.fr\/index.php\/wp-json\/wp\/v2\/media\/265"}],"wp:attachment":[{"href":"https:\/\/www.belopolie.fr\/index.php\/wp-json\/wp\/v2\/media?parent=232"}],"wp:term":[{"taxonomy":"product_cat","embeddable":true,"href":"https:\/\/www.belopolie.fr\/index.php\/wp-json\/wp\/v2\/product_cat?post=232"},{"taxonomy":"product_tag","embeddable":true,"href":"https:\/\/www.belopolie.fr\/index.php\/wp-json\/wp\/v2\/product_tag?post=232"}],"curies":[{"name":"wp","href":"https:\/\/api.w.org\/{rel}","templated":true}]}}

<p><b>Rêvons-nous d&rsquo;une révolution </b><br />
Entretien avec Ludivine Bantigny, historienne</p>
<blockquote><p>« Tous les mouvements révolutionnaires sont des temps suspendus »</p></blockquote>
<p><strong>Une exploration poétique et politique de la nuit<br />
</strong><i>La nuit divine </i>de Pierre Bergounioux<br />
Ulysse face à Cyclope. Un texte ténébreux, cavernicole et nocturne.</p>
<p><i>Ce que la nuit a fait à la photographie<br />
</i>Une chronique de Julien Faure-Conorton</p>
<p><i>Ensemble au bleu de nuit</i> de Habib Tengour<br />
« Les forces d’inertie allaient être bousculées par un mouvement non calculé qui macérait attendant son heure. Mouvement gigantesque, révolution qui allait enluminer nos nuits (longues nuits se déroulant comme vagues marines au dire du poète errant) et nous redonner le goût des veilles sonores et souhaiter que le jour retarde son apparition le plus longtemps possible, la complainte se transformant en scansion joyeuse… en houle tout autour… Inlassables ces nuits en fanfare, en clameurs enthousiastes, tout semblait faisable, tout à portée de ce besoin de vivre enfin libre. »</p>
<p><strong>Avec aussi</strong>, un poème d’Antoinette Jaume ; « Sauver la nuit. Penser l’obscurité comme un bien commun », une réflexion de Samuel Challéat.</p>
<p><strong> </strong></p>

<p><b>Rêvons-nous d&rsquo;une révolution</b></p>
<p>Entretien avec Ludivine Bantigny, historienne</p>

La peur, une idée en politique Entretien avec Marc Crépon, philosophe

Fraternité (réponses aux anti-Lumières 1.) Entretien avec Samuel Hayat, chercheur en sciences politiques

Être pauvre, en France Entretien avec Axelle Brodiez-Dolino, historienne

Le travail a-t-il un avenir Entretien avec Dominique Méda, sociologue

La vérité à l'épreuve du faire croire Entretien avec Myriam Revault d'Allones, philosophe
