{"id":233,"date":"2024-01-11T11:04:39","date_gmt":"2024-01-11T10:04:39","guid":{"rendered":"https:\/\/www.belopolie.fr\/?post_type=product&#038;p=233"},"modified":"2024-01-15T14:21:17","modified_gmt":"2024-01-15T13:21:17","slug":"penser-decider-agir-les-oiseaux","status":"publish","type":"product","link":"https:\/\/www.belopolie.fr\/index.php\/product\/penser-decider-agir-les-oiseaux\/","title":{"rendered":"Penser, d\u00e9cider, agir : Les oiseaux"},"content":{"rendered":"<div>\n<p>\u00ab Dans le livre du grand \u00e9crivain corr\u00e9zien comme dans notre r\u00e9el ravag\u00e9, ce sont les oiseaux qui se trouvent en danger. (\u2026) Pour dire le d\u00e9sastre qui vient, Pierre Bergounioux n\u2019use pas de chiffres, mais de mots. \u00bb, Elisabeth Philippe, L\u2019Obs<\/p>\n<p>\u00ab Le plaisir est grand (\u2026) On y lit tant\u00f4t l\u2019inqui\u00e9tude, la fascination, l\u2019envie (vaine) du dialogue, et toujours, et c\u2019est ce que est le plus fort pour le lecteur, le souci de nommer et de conna\u00eetre. \u2605 \u2605 \u2605 \u2605 \u00bb, Babelio<\/p>\n<p>\u00ab \u00ab\u00a0Les Oiseaux\u00a0\u00bb de Pierre Bergounioux est en cela un livre pr\u00e9cieux, qui nous propose doucement de retracer les grandes \u00e9tapes de notre vie en regard de la pr\u00e9sence animale la blasonnant. \u00bb, <a href=\"https:\/\/lintervalle.blog\/2023\/01\/19\/des-oiseaux-par-pierre-bergounioux-ecrivain\/\">L\u2019Intervalle<\/a><\/p>\n<p>\u00ab Pierre Bergounioux se penche sur eux, se souvient de son enfance, en Corr\u00e8ze, au pays des oiseaux (\u2026) Beaux oiseaux, belle page, belle langue \u00bb, Christian Laborde, La Nouvelle R\u00e9publique des Pyr\u00e9n\u00e9es<\/p>\n<p class=\"CorpsB\"><span class=\"Aucun\">\u00c0 la ville, \u00e0 la campagne, les oiseaux voient leurs rangs se clairsemer, leurs chants se rar\u00e9fier. Peu \u00e0 peu, <\/span><span class=\"Aucun\">i<\/span><span class=\"Aucun\">ls disparaissent. <strong>Pierre Bergounioux<\/strong> \u00e9voque leur place dans sa vie\u00a0: au fil des mots, il r\u00e9veille, r\u00e9v\u00e8le<\/span> <span class=\"Aucun\">les liens tiss\u00e9s avec eux, dans une langue po\u00e9tique, \u00e0 la fois magique et r\u00e9aliste, d\u2019autant plus implacable. L\u2019\u00e9crivain, en une formule ramass\u00e9e et fulgurante, nous livre une pens\u00e9e qui ne peut laisser indiff\u00e9rent.<\/span><\/p>\n<p class=\"CorpsB\">\u00ab\u00a0C\u2019\u00e9tait le temps o\u00f9 les ann\u00e9es enferment tant de choses, de sentiments, de pens\u00e9es qu\u2019elles durent, chacune, une sorte d\u2019\u00e9ternit\u00e9. Et c\u2019est lorsque, f\u00e2ch\u00e9 contre moi-m\u00eame, rembruni, j\u2019allais reprendre ma marche que la haute, l\u2019\u00e9clatante tirade retentissait \u00e0 nouveau. Et alors, rien n\u2019\u00e9tait plus pareil. Il faisait aussi sombre, aussi froid mais l\u2019oiseau m\u2019annon\u00e7ait que les beaux jours \u00e9taient en marche, au loin. Il les voyait, lui, de la plus haute branche ou de l\u2019antenne de t\u00e9l\u00e9vision o\u00f9 il \u00e9tait juch\u00e9. On ne l\u2019entendrait plus de la journ\u00e9e mais un soir, pas forc\u00e9ment celui du m\u00eame jour, il ratifiait sa promesse. Chaque ann\u00e9e, j\u2019ai pass\u00e9 de longs moments, accoud\u00e9 \u00e0 l\u2019appui de ma fen\u00eatre, sous les combles, \u00e0 ne rien faire que l\u2019\u00e9couter, infime point sombre d\u2019o\u00f9 rayonnait le chant augural et glorieux.\u00a0\u00bb<\/p>\n<\/div>\n<p>32 pages, broch\u00e9<\/p>\n<p><span class=\"Aucun\">Pierre Bergounioux<\/span><span class=\"Aucun\"> est \u00e9crivain, essayiste, sculpteur. De son premier roman <\/span><span class=\"Aucun\"><i>Catherine<\/i><\/span><span class=\"Aucun\">(Gallimard, 1984) \u00e0 son journal <\/span><span class=\"Aucun\"><i>Carnet de notes <\/i><\/span><span class=\"Aucun\">tenu depuis 1980 (Verdier), en passant par <\/span><span class=\"Aucun\"><i>Miette<\/i><\/span><span class=\"Aucun\"> (Gallimard, 1995, prix France\u00a0Culture) ou <\/span><span class=\"Aucun\"><i>\u00c9cole\u00a0: mission accomplie<\/i><\/span><span class=\"Aucun\">(Les\u00a0Prairies ordinaires, 2006), il interroge la place de la litt\u00e9rature dans la soci\u00e9t\u00e9 et sa capacit\u00e9 \u00e0 sans cesse \u00e9lucider le monde. Il est le laur\u00e9at du prix de la Langue fran\u00e7aise\u00a02021.<\/span><\/p>\n","protected":false},"excerpt":{"rendered":"<p><span class=\"Aucun\">\u00c0 la ville, \u00e0 la campagne, les oiseaux voient leurs rangs se clairsemer, leurs chants se rar\u00e9fier. Peu \u00e0 peu, <\/span><span class=\"Aucun\">i<\/span><span class=\"Aucun\">ls disparaissent. <strong>Pierre Bergounioux<\/strong> \u00e9voque leur place dans sa vie\u00a0: au fil des mots, il r\u00e9veille, r\u00e9v\u00e8le<\/span> <span class=\"Aucun\">les liens tiss\u00e9s avec eux, dans une langue po\u00e9tique, \u00e0 la fois magique et r\u00e9aliste, d\u2019autant plus implacable. L\u2019\u00e9crivain, en une formule ramass\u00e9e et fulgurante, nous livre une pens\u00e9e qui ne peut laisser indiff\u00e9rent.<\/span><\/p>\n","protected":false},"featured_media":260,"template":"","meta":[],"product_cat":[20,24],"product_tag":[],"class_list":["post-233","product","type-product","status-publish","has-post-thumbnail","hentry","product_cat-la-nuit","product_cat-penser-decider-agir"],"jetpack_sharing_enabled":true,"jetpack-related-posts":[{"id":232,"url":"https:\/\/www.belopolie.fr\/index.php\/product\/la-nuit-1\/","url_meta":{"origin":233,"position":0},"title":"La nuit. #1","author":"admin2828","date":"11 janvier 2024","format":false,"excerpt":"R\u00eavons-nous d'une r\u00e9volution Entretien avec Ludivine Bantigny, historienne","rel":"","context":"Article similaire","block_context":{"text":"Article similaire","link":""},"img":{"alt_text":"","src":"https:\/\/i0.wp.com\/www.belopolie.fr\/wp-content\/uploads\/2024\/01\/La-nuit1-scaled.jpg?fit=1200%2C900&ssl=1&resize=350%2C200","width":350,"height":200,"srcset":"https:\/\/i0.wp.com\/www.belopolie.fr\/wp-content\/uploads\/2024\/01\/La-nuit1-scaled.jpg?fit=1200%2C900&ssl=1&resize=350%2C200 1x, https:\/\/i0.wp.com\/www.belopolie.fr\/wp-content\/uploads\/2024\/01\/La-nuit1-scaled.jpg?fit=1200%2C900&ssl=1&resize=525%2C300 1.5x, https:\/\/i0.wp.com\/www.belopolie.fr\/wp-content\/uploads\/2024\/01\/La-nuit1-scaled.jpg?fit=1200%2C900&ssl=1&resize=700%2C400 2x, https:\/\/i0.wp.com\/www.belopolie.fr\/wp-content\/uploads\/2024\/01\/La-nuit1-scaled.jpg?fit=1200%2C900&ssl=1&resize=1050%2C600 3x"},"classes":[]},{"id":256,"url":"https:\/\/www.belopolie.fr\/index.php\/product\/penser-decider-agir-aux-artistes-la-grande-colere\/","url_meta":{"origin":233,"position":1},"title":"Penser, d\u00e9cider, agir : Aux artistes la grande col\u00e8re","author":"admin2828","date":"12 janvier 2024","format":false,"excerpt":"Il est des textes fondateurs qui orientent toute une vie. Refus global, r\u00e9dig\u00e9 par Paul-\u00c9mile Borduas \u00e0 Montr\u00e9al en 1948, entretient chez France Th\u00e9oret une flamme plus vive que jamais. En relisant ce manifeste, qui \u00ab comprend une mati\u00e8re explosive, un grand texte de libert\u00e9 \u00bb, elle convoque la responsabilit\u00e9\u2026","rel":"","context":"Article similaire","block_context":{"text":"Article similaire","link":""},"img":{"alt_text":"","src":"https:\/\/i0.wp.com\/www.belopolie.fr\/wp-content\/uploads\/2024\/01\/PDA-INSTA6.jpg?fit=1200%2C1200&ssl=1&resize=350%2C200","width":350,"height":200,"srcset":"https:\/\/i0.wp.com\/www.belopolie.fr\/wp-content\/uploads\/2024\/01\/PDA-INSTA6.jpg?fit=1200%2C1200&ssl=1&resize=350%2C200 1x, https:\/\/i0.wp.com\/www.belopolie.fr\/wp-content\/uploads\/2024\/01\/PDA-INSTA6.jpg?fit=1200%2C1200&ssl=1&resize=525%2C300 1.5x, https:\/\/i0.wp.com\/www.belopolie.fr\/wp-content\/uploads\/2024\/01\/PDA-INSTA6.jpg?fit=1200%2C1200&ssl=1&resize=700%2C400 2x, https:\/\/i0.wp.com\/www.belopolie.fr\/wp-content\/uploads\/2024\/01\/PDA-INSTA6.jpg?fit=1200%2C1200&ssl=1&resize=1050%2C600 3x"},"classes":[]},{"id":236,"url":"https:\/\/www.belopolie.fr\/index.php\/product\/penser-decider-agir-notre-part-de-solidarite\/","url_meta":{"origin":233,"position":2},"title":"Penser, d\u00e9cider, agir : Notre part de solidarit\u00e9","author":"admin2828","date":"11 janvier 2024","format":false,"excerpt":"Qu\u2019avons-nous fait de notre solidarit\u00e9\u00a0? Le constat est accablant\u00a0: dans un monde boulevers\u00e9 par la mondialisation et le rapport au travail, la soci\u00e9t\u00e9 se tend, les politiques mises en place se durcissent et les fractures se creusent. Axelle Brodiez-Dolino nous livre une r\u00e9flexion destin\u00e9e \u00e0 r\u00e9inventer une solidarit\u00e9 li\u00e9e \u00e0\u2026","rel":"","context":"Article similaire","block_context":{"text":"Article similaire","link":""},"img":{"alt_text":"","src":"https:\/\/i0.wp.com\/www.belopolie.fr\/wp-content\/uploads\/2024\/01\/PDA-02_Solidarite_INSTA.jpg?fit=1200%2C1200&ssl=1&resize=350%2C200","width":350,"height":200,"srcset":"https:\/\/i0.wp.com\/www.belopolie.fr\/wp-content\/uploads\/2024\/01\/PDA-02_Solidarite_INSTA.jpg?fit=1200%2C1200&ssl=1&resize=350%2C200 1x, https:\/\/i0.wp.com\/www.belopolie.fr\/wp-content\/uploads\/2024\/01\/PDA-02_Solidarite_INSTA.jpg?fit=1200%2C1200&ssl=1&resize=525%2C300 1.5x, https:\/\/i0.wp.com\/www.belopolie.fr\/wp-content\/uploads\/2024\/01\/PDA-02_Solidarite_INSTA.jpg?fit=1200%2C1200&ssl=1&resize=700%2C400 2x, https:\/\/i0.wp.com\/www.belopolie.fr\/wp-content\/uploads\/2024\/01\/PDA-02_Solidarite_INSTA.jpg?fit=1200%2C1200&ssl=1&resize=1050%2C600 3x"},"classes":[]},{"id":157,"url":"https:\/\/www.belopolie.fr\/index.php\/product\/la-nuit-8\/","url_meta":{"origin":233,"position":3},"title":"La nuit. #8","author":"admin2828","date":"11 janvier 2024","format":false,"excerpt":"Maghreb, les promesses d\u2019un destin collectif Entretien avec Khadija Mohsen-Finan, politologue et historienne","rel":"","context":"Article similaire","block_context":{"text":"Article similaire","link":""},"img":{"alt_text":"","src":"https:\/\/i0.wp.com\/www.belopolie.fr\/wp-content\/uploads\/2023\/12\/La-nuit.8-scaled.jpg?fit=1200%2C900&ssl=1&resize=350%2C200","width":350,"height":200,"srcset":"https:\/\/i0.wp.com\/www.belopolie.fr\/wp-content\/uploads\/2023\/12\/La-nuit.8-scaled.jpg?fit=1200%2C900&ssl=1&resize=350%2C200 1x, https:\/\/i0.wp.com\/www.belopolie.fr\/wp-content\/uploads\/2023\/12\/La-nuit.8-scaled.jpg?fit=1200%2C900&ssl=1&resize=525%2C300 1.5x, https:\/\/i0.wp.com\/www.belopolie.fr\/wp-content\/uploads\/2023\/12\/La-nuit.8-scaled.jpg?fit=1200%2C900&ssl=1&resize=700%2C400 2x, https:\/\/i0.wp.com\/www.belopolie.fr\/wp-content\/uploads\/2023\/12\/La-nuit.8-scaled.jpg?fit=1200%2C900&ssl=1&resize=1050%2C600 3x"},"classes":[]},{"id":257,"url":"https:\/\/www.belopolie.fr\/index.php\/product\/penser-decider-agir-les-contestations\/","url_meta":{"origin":233,"position":4},"title":"Penser, d\u00e9cider, agir : Les contestations","author":"admin2828","date":"12 janvier 2024","format":false,"excerpt":"Essentielles \u00e0 la continuit\u00e9 de la d\u00e9mocratie, les contestations sont pourtant menac\u00e9es, condamn\u00e9es, parfois m\u00eame interdites. En juriste aguerri, Dominique Rousseau d\u00e9montre avec brio leur l\u00e9gitimit\u00e9 en d\u00e9taillant les m\u00e9canismes d\u2019une contestation r\u00e9ussie. Il enjoint chacune et chacun \u00e0 quitter son espace priv\u00e9 pour rejoindre l\u2019espace public. \u00c0 exprimer et\u2026","rel":"","context":"Article similaire","block_context":{"text":"Article similaire","link":""},"img":{"alt_text":"","src":"https:\/\/i0.wp.com\/www.belopolie.fr\/wp-content\/uploads\/2024\/01\/PDA-INSTA8.jpg?fit=1080%2C1080&ssl=1&resize=350%2C200","width":350,"height":200,"srcset":"https:\/\/i0.wp.com\/www.belopolie.fr\/wp-content\/uploads\/2024\/01\/PDA-INSTA8.jpg?fit=1080%2C1080&ssl=1&resize=350%2C200 1x, https:\/\/i0.wp.com\/www.belopolie.fr\/wp-content\/uploads\/2024\/01\/PDA-INSTA8.jpg?fit=1080%2C1080&ssl=1&resize=525%2C300 1.5x, https:\/\/i0.wp.com\/www.belopolie.fr\/wp-content\/uploads\/2024\/01\/PDA-INSTA8.jpg?fit=1080%2C1080&ssl=1&resize=700%2C400 2x, https:\/\/i0.wp.com\/www.belopolie.fr\/wp-content\/uploads\/2024\/01\/PDA-INSTA8.jpg?fit=1080%2C1080&ssl=1&resize=1050%2C600 3x"},"classes":[]},{"id":223,"url":"https:\/\/www.belopolie.fr\/index.php\/product\/la-nuit-5\/","url_meta":{"origin":233,"position":5},"title":"La nuit. #5","author":"admin2828","date":"11 janvier 2024","format":false,"excerpt":"Fraternit\u00e9 (r\u00e9ponses aux anti-Lumi\u00e8res 1.) Entretien avec Samuel Hayat, chercheur en sciences politiques","rel":"","context":"Article similaire","block_context":{"text":"Article similaire","link":""},"img":{"alt_text":"","src":"https:\/\/i0.wp.com\/www.belopolie.fr\/wp-content\/uploads\/2024\/01\/lanuit5mockup4-copie-scaled.jpg?fit=1200%2C900&ssl=1&resize=350%2C200","width":350,"height":200,"srcset":"https:\/\/i0.wp.com\/www.belopolie.fr\/wp-content\/uploads\/2024\/01\/lanuit5mockup4-copie-scaled.jpg?fit=1200%2C900&ssl=1&resize=350%2C200 1x, https:\/\/i0.wp.com\/www.belopolie.fr\/wp-content\/uploads\/2024\/01\/lanuit5mockup4-copie-scaled.jpg?fit=1200%2C900&ssl=1&resize=525%2C300 1.5x, https:\/\/i0.wp.com\/www.belopolie.fr\/wp-content\/uploads\/2024\/01\/lanuit5mockup4-copie-scaled.jpg?fit=1200%2C900&ssl=1&resize=700%2C400 2x, https:\/\/i0.wp.com\/www.belopolie.fr\/wp-content\/uploads\/2024\/01\/lanuit5mockup4-copie-scaled.jpg?fit=1200%2C900&ssl=1&resize=1050%2C600 3x"},"classes":[]}],"_links":{"self":[{"href":"https:\/\/www.belopolie.fr\/index.php\/wp-json\/wp\/v2\/product\/233","targetHints":{"allow":["GET"]}}],"collection":[{"href":"https:\/\/www.belopolie.fr\/index.php\/wp-json\/wp\/v2\/product"}],"about":[{"href":"https:\/\/www.belopolie.fr\/index.php\/wp-json\/wp\/v2\/types\/product"}],"wp:featuredmedia":[{"embeddable":true,"href":"https:\/\/www.belopolie.fr\/index.php\/wp-json\/wp\/v2\/media\/260"}],"wp:attachment":[{"href":"https:\/\/www.belopolie.fr\/index.php\/wp-json\/wp\/v2\/media?parent=233"}],"wp:term":[{"taxonomy":"product_cat","embeddable":true,"href":"https:\/\/www.belopolie.fr\/index.php\/wp-json\/wp\/v2\/product_cat?post=233"},{"taxonomy":"product_tag","embeddable":true,"href":"https:\/\/www.belopolie.fr\/index.php\/wp-json\/wp\/v2\/product_tag?post=233"}],"curies":[{"name":"wp","href":"https:\/\/api.w.org\/{rel}","templated":true}]}}