{"id":236,"date":"2024-01-11T11:12:57","date_gmt":"2024-01-11T10:12:57","guid":{"rendered":"https:\/\/www.belopolie.fr\/?post_type=product&#038;p=236"},"modified":"2024-01-12T14:11:01","modified_gmt":"2024-01-12T13:11:01","slug":"penser-decider-agir-notre-part-de-solidarite","status":"publish","type":"product","link":"https:\/\/www.belopolie.fr\/index.php\/product\/penser-decider-agir-notre-part-de-solidarite\/","title":{"rendered":"Penser, d\u00e9cider, agir : Notre part de solidarit\u00e9"},"content":{"rendered":"<p class=\"CorpsA\"><span class=\"Aucun\">Un \u00ab ouvrage percutant \u00bb, <a href=\"https:\/\/www.atd-quartmonde.fr\/bibliographie\/notre-part-de-solidarite\/\">ATD Quart Monde<\/a><\/span><\/p>\n<p>\u00ab On pense alors ce livre dans la continuit\u00e9 des travaux majeurs de Robert Castel (\u2026) des pages intelligibles et accessibles\u00a0: par l\u2019\u00e9nonciation claire d\u2019une pens\u00e9e bien con\u00e7ue. \u00bb, <a href=\"https:\/\/letamis.hypotheses.org\/1623\">L\u2019atelier du Tamis<\/a><\/p>\n<p>\u00ab Une livre indispensable. \u00c0 mettre entre toutes les mains !\u00a0\u00bb, Sheppard Lectures<\/p>\n<p class=\"CorpsA\"><span class=\"Aucun\">Qu\u2019avons-nous fait de notre solidarit\u00e9\u00a0? Le constat est accablant\u00a0: dans un monde boulevers\u00e9 par la mondialisation et le rapport au travail, la soci\u00e9t\u00e9 se tend, les politiques mises en place se durcissent et les fractures se creusent. <strong>Axelle Brodiez-Dolino<\/strong> nous livre une r\u00e9flexion destin\u00e9e \u00e0 r\u00e9inventer une solidarit\u00e9 li\u00e9e \u00e0 l\u2019urgence \u00e9cologique, o\u00f9 chacun doit prendre sa part. L\u2019enjeu est de taille dans une soci\u00e9t\u00e9 \u00e0 refonder et une d\u00e9mocratie \u00e0 pr\u00e9server.<\/span><\/p>\n<p class=\"CorpsA\"><span class=\"Aucun\">\u00ab <\/span><span class=\"Aucun\">Nous traversons [aujourd\u2019hui] une triple crise, \u00e9cologique, sociale et d\u00e9mocratique. <\/span><span class=\"Aucun\">\u00ab\u00a0<\/span><span class=\"Aucun\">Et si les failles, dans la solidarit\u00e9, en \u00e9taient pour partie la cause ? Et si r\u00e9inventer les solidarit\u00e9s, y prendre chacun notre juste part, en \u00e9tait une des grandes solutions ? Car la solidarit\u00e9, qui peut \u00eatre un sentiment d\u00e9sint\u00e9ress\u00e9, est aussi rationnelle : nous avons int\u00e9r\u00eat \u00e0 \u00eatre solidaires ; \u00e0 vivre dans des soci\u00e9t\u00e9s de coh\u00e9sions plut\u00f4t que de fractures ; et comme dans la nature, face aux crises, \u00e0 coop\u00e9rer plut\u00f4t qu\u2019\u00e0 nous diviser.<\/span><span class=\"Aucun\">\u00a0\u00bb<br \/>\n<\/span><\/p>\n<p class=\"CorpsA\">48 pages, broch\u00e9<\/p>\n<p><span class=\"Aucun\">Axelle Brodiez-Dolino<\/span><span class=\"Aucun\"> est historienne et chercheure au CNRS, codirectrice du Centre Norbert Elias, membre du comit\u00e9 scientifique du Conseil national de lutte contre les exclusions. Elle travaille sur les enjeux de la pauvret\u00e9 et de la pr\u00e9carit\u00e9 depuis la fin du <\/span><span class=\"Aucun\">xix<\/span><span class=\"Aucun\"><sup>e<\/sup><\/span><span class=\"Aucun\">\u00a0si\u00e8cle. Elle a publi\u00e9 <\/span><span class=\"Aucun\"><i>Combattre la pauvret\u00e9<\/i><\/span><i> <\/i><span class=\"Aucun\">en 2013<\/span><span class=\"Aucun\">, <\/span><span class=\"Aucun\">et a \u00e9t\u00e9 <\/span><span class=\"Aucun\">distingu\u00e9e par le CNRS en 2017.<\/span><\/p>\n","protected":false},"excerpt":{"rendered":"<p>Qu\u2019avons-nous fait de notre solidarit\u00e9\u00a0? Le constat est accablant\u00a0: dans un monde boulevers\u00e9 par la mondialisation et le rapport au travail, la soci\u00e9t\u00e9 se tend, les politiques mises en place se durcissent et les fractures se creusent. <strong>Axelle Brodiez-Dolino<\/strong> nous livre une r\u00e9flexion destin\u00e9e \u00e0 r\u00e9inventer une solidarit\u00e9 li\u00e9e \u00e0 l\u2019urgence \u00e9cologique, o\u00f9 chacun doit prendre sa part. L\u2019enjeu est de taille dans une soci\u00e9t\u00e9 \u00e0 refonder et une d\u00e9mocratie \u00e0 pr\u00e9server.<\/p>\n","protected":false},"featured_media":261,"template":"","meta":[],"product_cat":[20,24],"product_tag":[],"class_list":["post-236","product","type-product","status-publish","has-post-thumbnail","hentry","product_cat-la-nuit","product_cat-penser-decider-agir"],"jetpack_sharing_enabled":true,"jetpack-related-posts":[{"id":256,"url":"https:\/\/www.belopolie.fr\/index.php\/product\/penser-decider-agir-aux-artistes-la-grande-colere\/","url_meta":{"origin":236,"position":0},"title":"Penser, d\u00e9cider, agir : Aux artistes la grande col\u00e8re","author":"admin2828","date":"12 janvier 2024","format":false,"excerpt":"Il est des textes fondateurs qui orientent toute une vie. Refus global, r\u00e9dig\u00e9 par Paul-\u00c9mile Borduas \u00e0 Montr\u00e9al en 1948, entretient chez France Th\u00e9oret une flamme plus vive que jamais. En relisant ce manifeste, qui \u00ab comprend une mati\u00e8re explosive, un grand texte de libert\u00e9 \u00bb, elle convoque la responsabilit\u00e9\u2026","rel":"","context":"Article similaire","block_context":{"text":"Article similaire","link":""},"img":{"alt_text":"","src":"https:\/\/i0.wp.com\/www.belopolie.fr\/wp-content\/uploads\/2024\/01\/PDA-INSTA6.jpg?fit=1200%2C1200&ssl=1&resize=350%2C200","width":350,"height":200,"srcset":"https:\/\/i0.wp.com\/www.belopolie.fr\/wp-content\/uploads\/2024\/01\/PDA-INSTA6.jpg?fit=1200%2C1200&ssl=1&resize=350%2C200 1x, https:\/\/i0.wp.com\/www.belopolie.fr\/wp-content\/uploads\/2024\/01\/PDA-INSTA6.jpg?fit=1200%2C1200&ssl=1&resize=525%2C300 1.5x, https:\/\/i0.wp.com\/www.belopolie.fr\/wp-content\/uploads\/2024\/01\/PDA-INSTA6.jpg?fit=1200%2C1200&ssl=1&resize=700%2C400 2x, https:\/\/i0.wp.com\/www.belopolie.fr\/wp-content\/uploads\/2024\/01\/PDA-INSTA6.jpg?fit=1200%2C1200&ssl=1&resize=1050%2C600 3x"},"classes":[]},{"id":233,"url":"https:\/\/www.belopolie.fr\/index.php\/product\/penser-decider-agir-les-oiseaux\/","url_meta":{"origin":236,"position":1},"title":"Penser, d\u00e9cider, agir : Les oiseaux","author":"admin2828","date":"11 janvier 2024","format":false,"excerpt":"\u00c0 la ville, \u00e0 la campagne, les oiseaux voient leurs rangs se clairsemer, leurs chants se rar\u00e9fier. Peu \u00e0 peu, ils disparaissent. Pierre Bergounioux \u00e9voque leur place dans sa vie\u00a0: au fil des mots, il r\u00e9veille, r\u00e9v\u00e8le les liens tiss\u00e9s avec eux, dans une langue po\u00e9tique, \u00e0 la fois magique\u2026","rel":"","context":"Article similaire","block_context":{"text":"Article similaire","link":""},"img":{"alt_text":"","src":"https:\/\/i0.wp.com\/www.belopolie.fr\/wp-content\/uploads\/2024\/01\/PDA-01_Oiseaux_INSTA.jpg?fit=1200%2C1200&ssl=1&resize=350%2C200","width":350,"height":200,"srcset":"https:\/\/i0.wp.com\/www.belopolie.fr\/wp-content\/uploads\/2024\/01\/PDA-01_Oiseaux_INSTA.jpg?fit=1200%2C1200&ssl=1&resize=350%2C200 1x, https:\/\/i0.wp.com\/www.belopolie.fr\/wp-content\/uploads\/2024\/01\/PDA-01_Oiseaux_INSTA.jpg?fit=1200%2C1200&ssl=1&resize=525%2C300 1.5x, https:\/\/i0.wp.com\/www.belopolie.fr\/wp-content\/uploads\/2024\/01\/PDA-01_Oiseaux_INSTA.jpg?fit=1200%2C1200&ssl=1&resize=700%2C400 2x, https:\/\/i0.wp.com\/www.belopolie.fr\/wp-content\/uploads\/2024\/01\/PDA-01_Oiseaux_INSTA.jpg?fit=1200%2C1200&ssl=1&resize=1050%2C600 3x"},"classes":[]},{"id":257,"url":"https:\/\/www.belopolie.fr\/index.php\/product\/penser-decider-agir-les-contestations\/","url_meta":{"origin":236,"position":2},"title":"Penser, d\u00e9cider, agir : Les contestations","author":"admin2828","date":"12 janvier 2024","format":false,"excerpt":"Essentielles \u00e0 la continuit\u00e9 de la d\u00e9mocratie, les contestations sont pourtant menac\u00e9es, condamn\u00e9es, parfois m\u00eame interdites. En juriste aguerri, Dominique Rousseau d\u00e9montre avec brio leur l\u00e9gitimit\u00e9 en d\u00e9taillant les m\u00e9canismes d\u2019une contestation r\u00e9ussie. Il enjoint chacune et chacun \u00e0 quitter son espace priv\u00e9 pour rejoindre l\u2019espace public. \u00c0 exprimer et\u2026","rel":"","context":"Article similaire","block_context":{"text":"Article similaire","link":""},"img":{"alt_text":"","src":"https:\/\/i0.wp.com\/www.belopolie.fr\/wp-content\/uploads\/2024\/01\/PDA-INSTA8.jpg?fit=1080%2C1080&ssl=1&resize=350%2C200","width":350,"height":200,"srcset":"https:\/\/i0.wp.com\/www.belopolie.fr\/wp-content\/uploads\/2024\/01\/PDA-INSTA8.jpg?fit=1080%2C1080&ssl=1&resize=350%2C200 1x, https:\/\/i0.wp.com\/www.belopolie.fr\/wp-content\/uploads\/2024\/01\/PDA-INSTA8.jpg?fit=1080%2C1080&ssl=1&resize=525%2C300 1.5x, https:\/\/i0.wp.com\/www.belopolie.fr\/wp-content\/uploads\/2024\/01\/PDA-INSTA8.jpg?fit=1080%2C1080&ssl=1&resize=700%2C400 2x, https:\/\/i0.wp.com\/www.belopolie.fr\/wp-content\/uploads\/2024\/01\/PDA-INSTA8.jpg?fit=1080%2C1080&ssl=1&resize=1050%2C600 3x"},"classes":[]},{"id":223,"url":"https:\/\/www.belopolie.fr\/index.php\/product\/la-nuit-5\/","url_meta":{"origin":236,"position":3},"title":"La nuit. #5","author":"admin2828","date":"11 janvier 2024","format":false,"excerpt":"Fraternit\u00e9 (r\u00e9ponses aux anti-Lumi\u00e8res 1.) Entretien avec Samuel Hayat, chercheur en sciences politiques","rel":"","context":"Article similaire","block_context":{"text":"Article similaire","link":""},"img":{"alt_text":"","src":"https:\/\/i0.wp.com\/www.belopolie.fr\/wp-content\/uploads\/2024\/01\/lanuit5mockup4-copie-scaled.jpg?fit=1200%2C900&ssl=1&resize=350%2C200","width":350,"height":200,"srcset":"https:\/\/i0.wp.com\/www.belopolie.fr\/wp-content\/uploads\/2024\/01\/lanuit5mockup4-copie-scaled.jpg?fit=1200%2C900&ssl=1&resize=350%2C200 1x, https:\/\/i0.wp.com\/www.belopolie.fr\/wp-content\/uploads\/2024\/01\/lanuit5mockup4-copie-scaled.jpg?fit=1200%2C900&ssl=1&resize=525%2C300 1.5x, https:\/\/i0.wp.com\/www.belopolie.fr\/wp-content\/uploads\/2024\/01\/lanuit5mockup4-copie-scaled.jpg?fit=1200%2C900&ssl=1&resize=700%2C400 2x, https:\/\/i0.wp.com\/www.belopolie.fr\/wp-content\/uploads\/2024\/01\/lanuit5mockup4-copie-scaled.jpg?fit=1200%2C900&ssl=1&resize=1050%2C600 3x"},"classes":[]},{"id":218,"url":"https:\/\/www.belopolie.fr\/index.php\/product\/la-nuit-6\/","url_meta":{"origin":236,"position":4},"title":"La nuit. #6","author":"admin2828","date":"11 janvier 2024","format":false,"excerpt":"La v\u00e9rit\u00e9 \u00e0 l'\u00e9preuve du faire croire Entretien avec Myriam Revault d'Allones, philosophe","rel":"","context":"Article similaire","block_context":{"text":"Article similaire","link":""},"img":{"alt_text":"","src":"https:\/\/i0.wp.com\/www.belopolie.fr\/wp-content\/uploads\/2024\/01\/La-nuit6-mockup-b-scaled.jpg?fit=1200%2C900&ssl=1&resize=350%2C200","width":350,"height":200,"srcset":"https:\/\/i0.wp.com\/www.belopolie.fr\/wp-content\/uploads\/2024\/01\/La-nuit6-mockup-b-scaled.jpg?fit=1200%2C900&ssl=1&resize=350%2C200 1x, https:\/\/i0.wp.com\/www.belopolie.fr\/wp-content\/uploads\/2024\/01\/La-nuit6-mockup-b-scaled.jpg?fit=1200%2C900&ssl=1&resize=525%2C300 1.5x, https:\/\/i0.wp.com\/www.belopolie.fr\/wp-content\/uploads\/2024\/01\/La-nuit6-mockup-b-scaled.jpg?fit=1200%2C900&ssl=1&resize=700%2C400 2x, https:\/\/i0.wp.com\/www.belopolie.fr\/wp-content\/uploads\/2024\/01\/La-nuit6-mockup-b-scaled.jpg?fit=1200%2C900&ssl=1&resize=1050%2C600 3x"},"classes":[]},{"id":232,"url":"https:\/\/www.belopolie.fr\/index.php\/product\/la-nuit-1\/","url_meta":{"origin":236,"position":5},"title":"La nuit. #1","author":"admin2828","date":"11 janvier 2024","format":false,"excerpt":"R\u00eavons-nous d'une r\u00e9volution Entretien avec Ludivine Bantigny, historienne","rel":"","context":"Article similaire","block_context":{"text":"Article similaire","link":""},"img":{"alt_text":"","src":"https:\/\/i0.wp.com\/www.belopolie.fr\/wp-content\/uploads\/2024\/01\/La-nuit1-scaled.jpg?fit=1200%2C900&ssl=1&resize=350%2C200","width":350,"height":200,"srcset":"https:\/\/i0.wp.com\/www.belopolie.fr\/wp-content\/uploads\/2024\/01\/La-nuit1-scaled.jpg?fit=1200%2C900&ssl=1&resize=350%2C200 1x, https:\/\/i0.wp.com\/www.belopolie.fr\/wp-content\/uploads\/2024\/01\/La-nuit1-scaled.jpg?fit=1200%2C900&ssl=1&resize=525%2C300 1.5x, https:\/\/i0.wp.com\/www.belopolie.fr\/wp-content\/uploads\/2024\/01\/La-nuit1-scaled.jpg?fit=1200%2C900&ssl=1&resize=700%2C400 2x, https:\/\/i0.wp.com\/www.belopolie.fr\/wp-content\/uploads\/2024\/01\/La-nuit1-scaled.jpg?fit=1200%2C900&ssl=1&resize=1050%2C600 3x"},"classes":[]}],"_links":{"self":[{"href":"https:\/\/www.belopolie.fr\/index.php\/wp-json\/wp\/v2\/product\/236","targetHints":{"allow":["GET"]}}],"collection":[{"href":"https:\/\/www.belopolie.fr\/index.php\/wp-json\/wp\/v2\/product"}],"about":[{"href":"https:\/\/www.belopolie.fr\/index.php\/wp-json\/wp\/v2\/types\/product"}],"wp:featuredmedia":[{"embeddable":true,"href":"https:\/\/www.belopolie.fr\/index.php\/wp-json\/wp\/v2\/media\/261"}],"wp:attachment":[{"href":"https:\/\/www.belopolie.fr\/index.php\/wp-json\/wp\/v2\/media?parent=236"}],"wp:term":[{"taxonomy":"product_cat","embeddable":true,"href":"https:\/\/www.belopolie.fr\/index.php\/wp-json\/wp\/v2\/product_cat?post=236"},{"taxonomy":"product_tag","embeddable":true,"href":"https:\/\/www.belopolie.fr\/index.php\/wp-json\/wp\/v2\/product_tag?post=236"}],"curies":[{"name":"wp","href":"https:\/\/api.w.org\/{rel}","templated":true}]}}

Penser, décider, agir : Notre part de solidarité

<p class="CorpsA"><span class="Aucun">Un « ouvrage percutant », <a href="https://www.atd-quartmonde.fr/bibliographie/notre-part-de-solidarite/">ATD Quart Monde</a></span></p>
<p>« On pense alors ce livre dans la continuité des travaux majeurs de Robert Castel (…) des pages intelligibles et accessibles : par l’énonciation claire d’une pensée bien conçue. », <a href="https://letamis.hypotheses.org/1623">L’atelier du Tamis</a></p>
<p>« Une livre indispensable. À mettre entre toutes les mains ! », Sheppard Lectures</p>
<p class="CorpsA"><span class="Aucun">Qu’avons-nous fait de notre solidarité ? Le constat est accablant : dans un monde bouleversé par la mondialisation et le rapport au travail, la société se tend, les politiques mises en place se durcissent et les fractures se creusent. <strong>Axelle Brodiez-Dolino</strong> nous livre une réflexion destinée à réinventer une solidarité liée à l’urgence écologique, où chacun doit prendre sa part. L’enjeu est de taille dans une société à refonder et une démocratie à préserver.</span></p>
<p class="CorpsA"><span class="Aucun">« </span><span class="Aucun">Nous traversons [aujourd’hui] une triple crise, écologique, sociale et démocratique. </span><span class="Aucun">« </span><span class="Aucun">Et si les failles, dans la solidarité, en étaient pour partie la cause ? Et si réinventer les solidarités, y prendre chacun notre juste part, en était une des grandes solutions ? Car la solidarité, qui peut être un sentiment désintéressé, est aussi rationnelle : nous avons intérêt à être solidaires ; à vivre dans des sociétés de cohésions plutôt que de fractures ; et comme dans la nature, face aux crises, à coopérer plutôt qu’à nous diviser.</span><span class="Aucun"> »<br />
</span></p>
<p class="CorpsA">48 pages, broché</p>
<p><span class="Aucun">Axelle Brodiez-Dolino</span><span class="Aucun"> est historienne et chercheure au CNRS, codirectrice du Centre Norbert Elias, membre du comité scientifique du Conseil national de lutte contre les exclusions. Elle travaille sur les enjeux de la pauvreté et de la précarité depuis la fin du </span><span class="Aucun">xix</span><span class="Aucun"><sup>e</sup></span><span class="Aucun"> siècle. Elle a publié </span><span class="Aucun"><i>Combattre la pauvreté</i></span><i> </i><span class="Aucun">en 2013</span><span class="Aucun">, </span><span class="Aucun">et a été </span><span class="Aucun">distinguée par le CNRS en 2017.</span></p>

<p>Qu’avons-nous fait de notre solidarité ? Le constat est accablant : dans un monde bouleversé par la mondialisation et le rapport au travail, la société se tend, les politiques mises en place se durcissent et les fractures se creusent. <strong>Axelle Brodiez-Dolino</strong> nous livre une réflexion destinée à réinventer une solidarité liée à l’urgence écologique, où chacun doit prendre sa part. L’enjeu est de taille dans une société à refonder et une démocratie à préserver.</p>

Penser, décider, agir : Aux artistes la grande colère

Il est des textes fondateurs qui orientent toute une vie. Refus global, rédigé par Paul-Émile Borduas à Montréal en 1948, entretient chez France Théoret une flamme plus vive que jamais. En relisant ce manifeste, qui « comprend une matière explosive, un grand texte de liberté », elle convoque la responsabilité…

Penser, décider, agir : Les oiseaux

À la ville, à la campagne, les oiseaux voient leurs rangs se clairsemer, leurs chants se raréfier. Peu à peu, ils disparaissent. Pierre Bergounioux évoque leur place dans sa vie : au fil des mots, il réveille, révèle les liens tissés avec eux, dans une langue poétique, à la fois magique…

Penser, décider, agir : Les contestations

Essentielles à la continuité de la démocratie, les contestations sont pourtant menacées, condamnées, parfois même interdites. En juriste aguerri, Dominique Rousseau démontre avec brio leur légitimité en détaillant les mécanismes d’une contestation réussie. Il enjoint chacune et chacun à quitter son espace privé pour rejoindre l’espace public. À exprimer et…

Fraternité (réponses aux anti-Lumières 1.) Entretien avec Samuel Hayat, chercheur en sciences politiques

La vérité à l'épreuve du faire croire Entretien avec Myriam Revault d'Allones, philosophe

Rêvons-nous d'une révolution Entretien avec Ludivine Bantigny, historienne
